e -y + w + 38 = 0. Let t = y + -21. Does 12 divide t?
False
Let b(u) = -u**2 + 6*u - 3. Let m be b(5). Suppose m*z - z - 33 = 0. Let t = z + 1. Does 13 divide t?
False
Suppose -2*b + 62 = 3*o, -82 = 3*o - 8*o + 2*b. Does 6 divide o?
True
Let d(o) = o**3 - o**2 + 16. Let m be d(0). Suppose -m - 4 = 2*g. Does 2 divide 68/20 + 4/g?
False
Suppose 9 = -2*f + h, 15 = -5*f + 3*h - 2*h. Is 18 a factor of 65 + f/((-2)/3)?
False
Let l be 0 - 9*(-1 + 0). Suppose 0*g = g + l. Does 14 divide (-42)/(-4)*(-24)/g?
True
Suppose -9*c + 7*c + 12 = 0. Is c a multiple of 3?
True
Let s = -58 - -86. Is s a multiple of 14?
True
Let y(m) = 3*m. Let q be 0 + 2 + 0 + -4. Let z be y(q). Let c(g) = -6*g + 1. Is c(z) a multiple of 11?
False
Let u = -1 - -7. Suppose 0 = -4*y - q + 10 + 12, 0 = -3*q - u. Is -18*((-10)/y + 1) a multiple of 6?
True
Suppose 315 = -4*z + 9*z. Is 18 a factor of z?
False
Let k = 3 + 0. Suppose 4*w + 5*r - 43 = 0, -k*w - 22 = -4*w - 5*r. Is 7 a factor of w?
True
Suppose 3*i - 11 = -2. Suppose 37 = 2*s - i*c + 15, 2*s - 2*c - 18 = 0. Does 5 divide s?
True
Suppose -4*m + i + 4 = 0, m - 5*m - 3*i = -20. Suppose w - 9 = -m*r, -4*w + r - 19 = -46. Does 5 divide w?
False
Let r = 256 + -153. Suppose 0 = 3*b - 3, -5*x + x = 3*b - r. Is x a multiple of 25?
True
Suppose 0 = -l, 3*c + 2*l + 0*l = 156. Is c a multiple of 10?
False
Is (1200/72)/((-1)/(-15)) a multiple of 10?
True
Let q(y) = 2*y**2 - 2*y + 3. Is q(-3) a multiple of 27?
True
Let j = 11 + -23. Let k = j - -22. Does 8 divide k?
False
Let p = -176 + 424. Is 18 a factor of p?
False
Let d(t) = t**3 + 26*t**2 + 23*t + 30. Is 8 a factor of d(-25)?
True
Suppose 3*x = 18 + 306. Is x a multiple of 14?
False
Suppose 3*s + u + 30 = 0, 3*s = 6*s + 5*u + 30. Let k = 4 - s. Is 3 a factor of k?
False
Let d = -2 - -18. Suppose -d + 7 = -3*g. Suppose 2*m = -g*m + 40. Does 8 divide m?
True
Is (1 - 21)*(-8)/20 a multiple of 8?
True
Is 17 a factor of (-2)/(-3) - (-416)/6?
False
Let t(q) = q**3 + q**2 + q - 1. Let j(c) = c**3 + 10*c**2 - 6*c - 2. Suppose -4*m = -4 - 0. Let i(y) = m*j(y) - 2*t(y). Does 12 divide i(6)?
True
Let h(p) = p**2 + p + 335. Let f be h(0). Suppose 8*z = 3*z + f. Suppose -5*k + 75 + 13 = 4*x, 3*x + 4*k = z. Is x a multiple of 17?
True
Let w = 4 + -3. Let m be ((-2)/(2/w))/1. Is (2 + -11 - -1)*m a multiple of 8?
True
Let d = 17 - 16. Let f(b) = 25*b**2 + b. Does 6 divide f(d)?
False
Let x(u) = 4*u**2 + 26*u - 30*u + 5 - 1 + 2*u**3. Does 27 divide x(3)?
False
Suppose -254 - 70 = -3*i. Does 7 divide i?
False
Does 54 divide -3 - (11890/(-60) + (-1)/(-6))?
False
Does 19 divide (-1)/2 + 755/10?
False
Let u(s) be the second derivative of s**8/6720 - s**7/2520 - s**6/360 + 5*s**4/12 + 4*s. Let m(i) be the third derivative of u(i). Is m(3) a multiple of 4?
True
Let u = 12 + -22. Is (3/2)/(u/(-220)) a multiple of 22?
False
Let w(m) = -m**3 - 3*m**2 + 3*m - 3. Let g be w(-4). Suppose 0 = 4*a - 3*a - 3. Is a/(g + (-12)/15) a multiple of 14?
False
Let y(h) = 2*h - 8. Let a(r) = r**3 - 3*r**2 - 5*r - 3. Let f be a(4). Let q be y(f). Does 9 divide -2 - ((0 - -2) + q)?
True
Let q be 1*33/(-3)*-7. Suppose 3*i - 7 = q. Is i a multiple of 28?
True
Suppose 4 = 2*y - 4. Suppose 0 = -y*q - 0*q + 60. Is (-16)/(-10)*q/6 a multiple of 2?
True
Does 3 divide 1/4 + (-210)/(-24)?
True
Suppose -52 = -5*r + 4*m, 4*r - 6*m + 2*m = 44. Let g be 1/(-4) + 202/r. Let v = 47 - g. Does 11 divide v?
True
Let h = -6 - -10. Let q = 13 + h. Suppose -7 = -m + q. Does 16 divide m?
False
Let a = -6 - -6. Let n be a - 0 - (-7 - 1). Let p = 28 + n. Is p a multiple of 20?
False
Let r(g) = 17*g + 1 - 17*g + 2*g**2. Does 5 divide r(2)?
False
Let t be 66/9*6/4. Suppose 2*n + 2 = -c + t, 2*c = 2*n + 30. Is c a multiple of 12?
False
Let c = 59 - -24. Is 32 a factor of c?
False
Let t(s) = 22*s**3 + s**2 - s. Let i be t(1). Let o(a) = 13*a - 3. Let u be o(3). Let q = u - i. Is q a multiple of 12?
False
Let g = -76 + 111. Is 4 a factor of g/4 - (-3)/12?
False
Suppose -3*v - 5 = 2*v. Let b be v/(24/27 - 1). Is ((-60)/b + 0)*-3 a multiple of 13?
False
Is 12 a factor of 199 - (70/21 - 6/(-9))?
False
Let x be (8/5)/4*-25. Let p = x - -32. Is p a multiple of 22?
True
Suppose 0 = 2*f + 8 - 2. Let c = 5 + f. Suppose 0 = -5*j - w + 109, -3*j - 5*w + 75 = -c*w. Does 12 divide j?
False
Suppose 9 = 2*b - 5*s - 6, 2*s = -2. Let v(a) = 5*a + 3. Let j be v(b). Suppose 5*k + j = 5*i - 12, 10 = -5*k. Is 6 a factor of i?
True
Let f be (-56 - -2)/(-2) + -2. Suppose 3*n - 8 = p, f = 3*p - 7*p + 5*n. Does 6 divide 3/2*(p + 13)?
True
Suppose -m - 4*b + 9 = 0, 5*m - b - 11 - 13 = 0. Let f be (-18)/45 - 18/m. Is (-49)/f - 2/8 a multiple of 6?
True
Suppose j - 97 = -37. Does 15 divide j?
True
Let v(y) = 18*y + 7. Let c be v(5). Let o be c - (-1 + -2 + 4). Suppose 0*w = 4*b + 5*w - 94, -4*b + o = 4*w. Is b a multiple of 12?
False
Suppose 5*v - 91 = 4*y, 0 = -2*v - v - 3*y + 60. Is v a multiple of 19?
True
Is ((-37)/(-3))/((-3)/(-54)) a multiple of 16?
False
Let c(o) = -o**3 + 6*o**2 + 4*o - 1. Is 10 a factor of c(4)?
False
Does 4 divide (3 + -1)/2*(37 + -2)?
False
Let u = -15 - -18. Suppose -u*j = 2*j - 2*d - 67, 4*j - 4*d = 44. Is j a multiple of 12?
False
Let j(m) = m + 2 - 1 - 2*m. Let i = 9 + -15. Does 7 divide j(i)?
True
Let u be (-4)/14 + (-30)/42. Let k be 177/7 - (-4)/(-14). Let b = u + k. Is 12 a factor of b?
True
Suppose -3*z + 15 = -12. Is 9 a factor of z?
True
Let n = -15 + 78. Does 16 divide n?
False
Is 14 a factor of 11/4 - 3 - 169/(-4)?
True
Suppose -2*q - 78 = -2*f, 8*f - 12*f + 174 = 2*q. Is 5 a factor of f?
False
Is 27 a factor of (22/8 - 8/(-32)) + 99?
False
Let i be (-524)/(-22) + (-4)/(-22). Let u = i + -16. Does 8 divide u?
True
Suppose -2*b - 1 = -3, 3*b - 11 = 2*m. Let c = 9 + m. Is c a multiple of 5?
True
Let y(l) = -213*l + 2. Let a be y(-2). Is 30 a factor of a/6 + 10/15?
False
Does 16 divide 416/(-130)*(-1 + 0 + -9)?
True
Suppose -r - 3*r + 76 = 5*k, 0 = 4*r + k - 76. Suppose 4*s = -6*x + 2*x + 76, 5*x = -s + r. Is 6 a factor of s?
False
Let a(j) = 6*j + 1. Let q be a(1). Suppose 4*d = -3*x + 69, q + 8 = -3*x. Does 7 divide d?
True
Suppose -2*f + 3 = 15. Let r(i) = 2*i**2 + 8*i. Does 15 divide r(f)?
False
Let b = -21 + -9. Let h = -1145 + 359. Is 12 a factor of 1/(-5) + h/b?
False
Let o = -24 - -31. Is o a multiple of 7?
True
Suppose -4*z = 3*d + 1, 5*z + 4 = z. Let g be -2 + 1*(1 + d). Is 10 + -1 + g/(-1) a multiple of 9?
True
Suppose 6 = 3*d - 2*t, 1 = -2*d - t - 2. Suppose -4*u + 30 + 18 = d. Is 4 a factor of u?
True
Suppose -11*d = -13*d + 22. Does 4 divide d?
False
Let k(s) = -3*s + 8. Let f(u) = -4*u + 7. Let l(b) = -6*f(b) + 5*k(b). Does 14 divide l(3)?
False
Let f(x) = -x**2 + 11*x + 14. Let q be f(12). Let l(n) = 3 - 2 + 10 - 1 - q*n. Does 7 divide l(-7)?
False
Let v = 37 + -14. Suppose -c + 10 + v = 0. Does 11 divide c?
True
Suppose -7*h + 4*h + 30 = 0. Is h a multiple of 4?
False
Suppose -12 = -4*i - 4*s, -3 = -i + 3*s - 4. Suppose -v - i + 9 = 0. Is 6 a factor of v?
False
Suppose d + 3*d - 230 = -5*k, -3*k = 3*d - 141. Suppose 3*w - k = t, 2*t - 5*t = -5*w + 70. Is 7 a factor of w?
True
Suppose -w + 5 + 46 = 0. Is 11 a factor of w?
False
Suppose -16 = -3*f + 77. Suppose -7 = -3*j - 5*a + 82, -3*a + f = j. Is j a multiple of 14?
True
Let h = 7 - 5. Suppose -3*n + h*c - 12 = -2*c, -2*c = 3*n - 6. Suppose 5*l - 25 = n, 24 = 5*x - l + 4. Is x even?
False
Suppose -5*i + 3*t = 269, -2*i + 3*t - 2*t = 107. Let c = 97 - i. Suppose s = -4*x + 12 + 29, 4*s - c = -x. Does 17 divide s?
False
Let v be 33/(-3) + (0 - 0). Let d = v - -24. Is 7 a factor of d?
False
Let l(i) = 11*i + 6 + 1 - 4*i**2 + 3*i**2. Is 8 a factor of l(9)?
False
Suppose 0 = -0*w - 3*w + 6. Suppose 5*r - 4*j - j - 480 = 0, -3*r + 4*j = -286. Suppose 3*b = -3*l + r - 5, -5*b = w*l - 146. Is 12 a factor of b?
False
Suppose -5*v + 126 = -3*q - 89, 67 = 2*v - 5*q. Is 17 a factor of -1*(4 - 1) + v?
False
Suppose -3*z + 101 = 5*b, -b - 25 - 6 = -z. Let h = z - 21. Is h a multiple of 4?
False
Let h = 109 - -23. Does 20 divide h?
False
Suppose 0 = 10*w - 13*w + 6. Suppose 0 = 4*u - u - 6. Suppose -u*f + 19 = -5*s, f - 3*s - w = 2*s. Is f a multiple of 17?
True
Let o be 20 + (0 - 2) - -2. Suppose -l = 4*l - o, -3*h + 19 = -2*l. Is 3 a factor of h?
True
Suppose -4*o + 34 = -10. Is 11